{"id":93,"date":"2011-10-11T17:22:09","date_gmt":"2011-10-11T15:22:09","guid":{"rendered":"http:\/\/blog.cgrosch.de\/?page_id=93"},"modified":"2012-05-24T23:30:50","modified_gmt":"2012-05-24T21:30:50","slug":"florida","status":"publish","type":"page","link":"https:\/\/blog.cgrosch.de\/?page_id=93","title":{"rendered":"Florida"},"content":{"rendered":"<p>Bei einem unserer Besuche in New York City entschlossen wir uns recht spontan, einen Abstecher nach Miami zu machen. Wir buchten online unseren Flug und ein nettes kleines Hotel am ber\u00fchmten &#8222;South Beach&#8220;, nur wenige Meter vom Strand entfernt, sowie einen Mietwagen.<br \/>\n<div id=\"attachment_587\" style=\"width: 490px\" class=\"wp-caption aligncenter\"><img loading=\"lazy\" decoding=\"async\" aria-describedby=\"caption-attachment-587\" class=\"wp-image-587 \" title=\"Florida\" src=\"http:\/\/blog.cgrosch.de\/wp-content\/uploads\/2011\/10\/ALIM0661.jpg\" alt=\"\" width=\"480\" height=\"280\" srcset=\"https:\/\/blog.cgrosch.de\/wp-content\/uploads\/2011\/10\/ALIM0661.jpg 800w, https:\/\/blog.cgrosch.de\/wp-content\/uploads\/2011\/10\/ALIM0661-300x174.jpg 300w\" sizes=\"auto, (max-width: 480px) 100vw, 480px\" \/><p id=\"caption-attachment-587\" class=\"wp-caption-text\">Florida - The Sunshine State<\/p><\/div><\/p>\n<h3>Coral Castle<\/h3>\n<p>Von den Sehensw\u00fcrdigkeiten in Florida interessierten mich vor allem Coral Castle und Key West.<br \/>\nCoral Castle ist eine kleine &#8222;Burg&#8220; aus liebevoll bearbeiteten Korallensteinen, die etwa um 1900 von einem lettischen Auswanderer namens Edward Leedskalnin errichtet wurde. Um die Entstehung ranken sich einige Mythen. So ist beispielsweise nicht gekl\u00e4rt, wie Ed mit dieser Pr\u00e4zision arbeiten und die tonnenschweren Steine ohne fremde Hilfe bewegen konnte.<br \/>\nFragte man ihn, weshalb er das alles konstruieren w\u00fcrde, erwiderte er, das sei f\u00fcr seine &#8222;Sweet Sixteen&#8220; &#8211; die 9 Jahre j\u00fcngere Herm\u012bna.\u00a0Sie war seine gro\u00dfe Liebe und gerade 16, als sie sich, kurz vor der Hochzeit, von ihm trennte. Er hoffte, sie w\u00fcrde eines Tages zu ihm zur\u00fcckkehren.<br \/>\nAuch wenn man nicht an \u00fcbernat\u00fcrliche Dinge glaubt, sind die Geschichten, die man bei einer F\u00fchrung durch Coral Castle zu h\u00f6ren bekommt, absolut zauberhaft und sehr interessant.<br \/>\nBilly Idol wurde durch Coral Castle zu seinem gleichnamigen Song &#8222;Sweet Sixteen&#8220; inspiriert und drehte 1987 auch dort das Musikvideo.<\/p>\n<h3>Key West<\/h3>\n<p>Wenn man sich so weit im S\u00fcden der USA befindet, ist es nur noch ein Katzensprung zum s\u00fcdlichsten Punkt &#8211; &#8222;The Conch Republic&#8220;. Key West ist die s\u00fcdlichste vieler kleinen Inseln, die \u00fcber eine\u00a0beeindruckende, \u00fcber hundert Kilometer lange Schnellstra\u00dfe miteinander verbunden sind. Von dort aus sind es noch ca 90 Meilen bis Cuba. &#8222;Der Weg ist das Ziel&#8220; ist hier absolut zutreffend. Sehr empfehlenswert ist zudem die Einkehr in eines der vielen Fischrestaurants, an denen man vorbeif\u00e4hrt. Der Fisch ist frisch und sehr gut zubereitet.<\/p>\n<div id=\"kgvid_kgvid_0_wrapper\" class=\"kgvid_wrapper\">\n\t\t\t<div id=\"video_kgvid_0_div\" class=\"fitvidsignore kgvid_videodiv\" data-id=\"kgvid_0\" data-kgvid_video_vars=\"{&quot;id&quot;:&quot;kgvid_0&quot;,&quot;attachment_id&quot;:0,&quot;player_type&quot;:&quot;WordPress Default&quot;,&quot;width&quot;:&quot;500&quot;,&quot;height&quot;:&quot;280&quot;,&quot;fullwidth&quot;:&quot;false&quot;,&quot;fixed_aspect&quot;:&quot;false&quot;,&quot;countable&quot;:false,&quot;count_views&quot;:&quot;quarters&quot;,&quot;start&quot;:&quot;&quot;,&quot;autoplay&quot;:&quot;false&quot;,&quot;pauseothervideos&quot;:&quot;false&quot;,&quot;set_volume&quot;:&quot;1&quot;,&quot;muted&quot;:&quot;false&quot;,&quot;meta&quot;:false,&quot;endofvideooverlay&quot;:&quot;&quot;,&quot;resize&quot;:&quot;true&quot;,&quot;auto_res&quot;:&quot;automatisch&quot;,&quot;pixel_ratio&quot;:&quot;true&quot;,&quot;right_click&quot;:&quot;on&quot;,&quot;playback_rate&quot;:&quot;false&quot;,&quot;title&quot;:&quot;Miami.flv&quot;,&quot;skip_buttons&quot;:[]}\" itemprop=\"video\" itemscope itemtype=\"https:\/\/schema.org\/VideoObject\"><meta itemprop=\"embedUrl\" content=\"http:\/\/blog.cgrosch.de\/wp-content\/videos\/Miami.flv\"><meta itemprop=\"contentUrl\" content=\"http:\/\/blog.cgrosch.de\/wp-content\/videos\/Miami.flv\"><meta itemprop=\"name\" content=\"Miami.flv\"><meta itemprop=\"description\" content=\"Video\"><meta itemprop=\"uploadDate\" content=\"2011-10-11T17:22:09+02:00\">\t\t\t<\/div>\n\t\t<\/div>\n<h3>Everglades<\/h3>\n<p>Ein weiteres Muss in Florida, ist die Fahrt durch die Everglades mit dem Airboat. Auf der rasanten Fahrt durch dieses tropische Marschland, kann man Kormorane oder Schlangen bestaunen, mit ziemlicher Sicherheit aber Alligatoren und Wasserschildkr\u00f6ten. Die Reptilien sind an die Boote gew\u00f6hnt und kommen diesen deshalb sehr nahe.<br \/>\nDie Sonne brennt in den Everglades noch st\u00e4rker, als an Land und man ist jedesmal heilfroh, wenn sich das Boot in Bewegung setzt und man ein wenig Abk\u00fchlung durch den Fahrtwind erh\u00e4lt. Man sollte unbedingt eine gute Sonnencreme einpacken. Auch Ohropax sind sehr zu empfehlen, wenn man nicht m\u00f6chte, dass einem von dem lauten Propeller nach der Fahrt die Ohren klingeln.<\/p>\n<h3>Just Miami Beach<\/h3>\n<p>Nat\u00fcrlich muss man in Miami auch unbedingt einmal einen Tag gem\u00fctlich an einem der vielen langen wei\u00dfen Sandstr\u00e4nde verbringen. Auch im September, in dem wir dort waren, war das Wetter wunderbar, die Str\u00e4nde waren menschenleer und das Wasser hatte Badewannentemperatur.<br \/>\nEs ist nicht besonders g\u00fcnstig, das Auto in der N\u00e4he des Hotels abzustellen, also nutzten wir diesen Umstand, um noch etwas weiter in Richtung Norden zu einem sch\u00f6nen Strand zu fahren.\u00a0 Nur gut, dass die Parkuhr ab und zu gef\u00fcttert werden wollte denn sonst h\u00e4tte es eigentlich keinen Grund gegeben je wieder aus dem t\u00fcrkisblauen Meer herauszukommen&#8230;<\/p>\n<h3>Florida, Bildergalerie<\/h3>\nngg_shortcode_0_placeholder\n","protected":false},"excerpt":{"rendered":"<p>Bei einem unserer Besuche in New York City entschlossen wir uns recht spontan, einen Abstecher nach Miami zu machen. Wir buchten online unseren Flug und ein nettes kleines Hotel am ber\u00fchmten &#8222;South Beach&#8220;, nur wenige Meter vom Strand entfernt, sowie einen Mietwagen. Coral Castle Von den Sehensw\u00fcrdigkeiten in Florida interessierten mich vor allem Coral Castle [&hellip;]<\/p>\n","protected":false},"author":1,"featured_media":0,"parent":95,"menu_order":0,"comment_status":"closed","ping_status":"closed","template":"","meta":{"ngg_post_thumbnail":0,"footnotes":""},"class_list":["post-93","page","type-page","status-publish","hentry"],"_links":{"self":[{"href":"https:\/\/blog.cgrosch.de\/index.php?rest_route=\/wp\/v2\/pages\/93","targetHints":{"allow":["GET"]}}],"collection":[{"href":"https:\/\/blog.cgrosch.de\/index.php?rest_route=\/wp\/v2\/pages"}],"about":[{"href":"https:\/\/blog.cgrosch.de\/index.php?rest_route=\/wp\/v2\/types\/page"}],"author":[{"embeddable":true,"href":"https:\/\/blog.cgrosch.de\/index.php?rest_route=\/wp\/v2\/users\/1"}],"replies":[{"embeddable":true,"href":"https:\/\/blog.cgrosch.de\/index.php?rest_route=%2Fwp%2Fv2%2Fcomments&post=93"}],"version-history":[{"count":6,"href":"https:\/\/blog.cgrosch.de\/index.php?rest_route=\/wp\/v2\/pages\/93\/revisions"}],"predecessor-version":[{"id":607,"href":"https:\/\/blog.cgrosch.de\/index.php?rest_route=\/wp\/v2\/pages\/93\/revisions\/607"}],"up":[{"embeddable":true,"href":"https:\/\/blog.cgrosch.de\/index.php?rest_route=\/wp\/v2\/pages\/95"}],"wp:attachment":[{"href":"https:\/\/blog.cgrosch.de\/index.php?rest_route=%2Fwp%2Fv2%2Fmedia&parent=93"}],"curies":[{"name":"wp","href":"https:\/\/api.w.org\/{rel}","templated":true}]}}