{"id":440,"date":"2012-04-20T23:18:36","date_gmt":"2012-04-20T21:18:36","guid":{"rendered":"http:\/\/blog.cgrosch.de\/?page_id=440"},"modified":"2012-06-21T23:19:17","modified_gmt":"2012-06-21T21:19:17","slug":"san-francisco","status":"publish","type":"page","link":"https:\/\/blog.cgrosch.de\/?page_id=440","title":{"rendered":"San Francisco"},"content":{"rendered":"<div id=\"attachment_533\" style=\"width: 519px\" class=\"wp-caption aligncenter\"><a href=\"http:\/\/blog.cgrosch.de\/wp-content\/uploads\/2012\/04\/DSC_0379_s.jpg\"><img loading=\"lazy\" decoding=\"async\" aria-describedby=\"caption-attachment-533\" class=\"wp-image-533 \" title=\"DSC_0379_s\" src=\"http:\/\/blog.cgrosch.de\/wp-content\/uploads\/2012\/04\/DSC_0379_s-636x310.jpg\" alt=\"Golden Gate Park, San Francisco\" width=\"509\" height=\"248\" \/><\/a><p id=\"caption-attachment-533\" class=\"wp-caption-text\">Golden Gate Park, San Francisco<\/p><\/div>\n<p>San Franzisko, sp\u00e4ter Nachmittag. Die Ankunftszeit konnte besser nicht sein. Nach der Landung auf dem Flughafen SFO, fuhren wir sogleich v\u00f6llig \u00fcbern\u00e4chtigt zu unserem Hotel. Unser Zuhause f\u00fcr die ersten Tage war das Holiday Inn &#8211; Golden Gateway, mit optimaler Lage: Es befindet sich im Stadtzentrum direkt neben einer StarBucks Filiale (Vanilla Latte!) und in der N\u00e4he einer Cable Car Station, des typischen \u00f6ffentlichen Verkehrsmittels dieser Stadt&#8230; Besser geht es kaum!<br \/>\nAls wir endlich auspacken konnten, war es ca 20 Uhr abends &#8211; nach mitteleurop\u00e4ischer Zeit bereits 7 Uhr morgens &#8211; entsprechend m\u00fcde fielen wir in unsere Betten. Um 5 Uhr morgens waren wir daf\u00fcr richtig gut erholt und ausgeschlafen und gleich bei Sonnenaufgang zogen wir los, um die Stadt zu erkunden &#8211; nat\u00fcrlich nicht vor einem leckeren Cafe Latte von nebenan&#8230;<br \/>\nSan Franzisko ist eine sehr abwechslungsreiche und unverbaute Stadt mit vielen sch\u00f6nen G\u00e4rten und Parks, in der es viel zu entdecken gibt. Mit dem ber\u00fchmten Cable Car, dem sogar ein eigenes Museum gewidmet ist, kommt man schnell und problemlos von einem interessanten Stadtviertel zum n\u00e4chsten&#8230;<br \/>\n<a href=\"http:\/\/blog.cgrosch.de\/?page_id=402\">Weiter zum Yosemite Nationalpark &gt;&gt;<\/a><\/p>\n<h3>San Franzisko Bildergalerie:<\/h3>\nngg_shortcode_0_placeholder\n","protected":false},"excerpt":{"rendered":"<p>San Franzisko, sp\u00e4ter Nachmittag. Die Ankunftszeit konnte besser nicht sein. Nach der Landung auf dem Flughafen SFO, fuhren wir sogleich v\u00f6llig \u00fcbern\u00e4chtigt zu unserem Hotel. Unser Zuhause f\u00fcr die ersten Tage war das Holiday Inn &#8211; Golden Gateway, mit optimaler Lage: Es befindet sich im Stadtzentrum direkt neben einer StarBucks Filiale (Vanilla Latte!) und in [&hellip;]<\/p>\n","protected":false},"author":1,"featured_media":0,"parent":391,"menu_order":0,"comment_status":"closed","ping_status":"closed","template":"","meta":{"ngg_post_thumbnail":0,"footnotes":""},"class_list":["post-440","page","type-page","status-publish","hentry"],"_links":{"self":[{"href":"https:\/\/blog.cgrosch.de\/index.php?rest_route=\/wp\/v2\/pages\/440","targetHints":{"allow":["GET"]}}],"collection":[{"href":"https:\/\/blog.cgrosch.de\/index.php?rest_route=\/wp\/v2\/pages"}],"about":[{"href":"https:\/\/blog.cgrosch.de\/index.php?rest_route=\/wp\/v2\/types\/page"}],"author":[{"embeddable":true,"href":"https:\/\/blog.cgrosch.de\/index.php?rest_route=\/wp\/v2\/users\/1"}],"replies":[{"embeddable":true,"href":"https:\/\/blog.cgrosch.de\/index.php?rest_route=%2Fwp%2Fv2%2Fcomments&post=440"}],"version-history":[{"count":6,"href":"https:\/\/blog.cgrosch.de\/index.php?rest_route=\/wp\/v2\/pages\/440\/revisions"}],"predecessor-version":[{"id":988,"href":"https:\/\/blog.cgrosch.de\/index.php?rest_route=\/wp\/v2\/pages\/440\/revisions\/988"}],"up":[{"embeddable":true,"href":"https:\/\/blog.cgrosch.de\/index.php?rest_route=\/wp\/v2\/pages\/391"}],"wp:attachment":[{"href":"https:\/\/blog.cgrosch.de\/index.php?rest_route=%2Fwp%2Fv2%2Fmedia&parent=440"}],"curies":[{"name":"wp","href":"https:\/\/api.w.org\/{rel}","templated":true}]}}